{"id":2491,"date":"2018-10-23T11:09:05","date_gmt":"2018-10-23T11:09:05","guid":{"rendered":"http:\/\/lasteaed.vaatsa.ee\/?page_id=2491"},"modified":"2018-10-23T11:09:05","modified_gmt":"2018-10-23T11:09:05","slug":"paikapa-jaanuarikuu-tervisenipp","status":"publish","type":"page","link":"http:\/\/lasteaed.vaatsa.ee\/index.php\/paikapa-jaanuarikuu-tervisenipp\/","title":{"rendered":"PAIK\u00c4PA JAANUARIKUU TERVISENIPP"},"content":{"rendered":"<p><strong>PAIK\u00c4PA JAANUARIKUU TERVISENIPP<\/strong><\/p>\n<p>K\u00fclmetushaiguste \u00e4rahoidmiseks ja raviks s\u00fcgis-talvisel perioodil s\u00f6\u00f6 neli korda p\u00e4evas teelusikat\u00e4is mett, millele on lisatud kaks tilka sidrunimahla, sest mesi ja sidrun on parimad ravimid k\u00fclmetuse vastu.<\/p>\n<p>V\u00e4ga h\u00e4sti m\u00f5jub ka ravimtaimedest keedetud tee ja kui seda juua iga p\u00e4ev, siis ei vaja me mingisugust apteegiravimit.<\/p>\n<p><strong>TERVE LAPSE V\u00d5IT!<\/strong><\/p>\n<p><strong>SEITSE KULDSET P\u00c4RNA\u00d5IT,<\/strong><\/p>\n<p><strong>TASSIKENE KUUMA VETT,<\/strong><\/p>\n<p><strong>LUSIKAT\u00c4IS KOLLAST METT,<\/strong><\/p>\n<p><strong>POOL VIILU SIDRUNIT,<\/strong><\/p>\n<p><strong>NATUKENE INGVERIT,<\/strong><\/p>\n<p><strong>JA EI MINGIT RAVIMIT &#8230;<\/strong><\/p>\n","protected":false},"excerpt":{"rendered":"<p>PAIK\u00c4PA JAANUARIKUU TERVISENIPP K\u00fclmetushaiguste \u00e4rahoidmiseks ja raviks s\u00fcgis-talvisel perioodil s\u00f6\u00f6 neli korda p\u00e4evas teelusikat\u00e4is mett, millele on lisatud kaks tilka sidrunimahla, sest mesi ja sidrun on parimad ravimid k\u00fclmetuse vastu. V\u00e4ga h\u00e4sti m\u00f5jub ka ravimtaimedest keedetud tee ja kui seda &hellip; <\/p>\n","protected":false},"author":1,"featured_media":0,"parent":0,"menu_order":0,"comment_status":"closed","ping_status":"closed","template":"","meta":{"footnotes":""},"class_list":["post-2491","page","type-page","status-publish","hentry"],"_links":{"self":[{"href":"http:\/\/lasteaed.vaatsa.ee\/index.php\/wp-json\/wp\/v2\/pages\/2491","targetHints":{"allow":["GET"]}}],"collection":[{"href":"http:\/\/lasteaed.vaatsa.ee\/index.php\/wp-json\/wp\/v2\/pages"}],"about":[{"href":"http:\/\/lasteaed.vaatsa.ee\/index.php\/wp-json\/wp\/v2\/types\/page"}],"author":[{"embeddable":true,"href":"http:\/\/lasteaed.vaatsa.ee\/index.php\/wp-json\/wp\/v2\/users\/1"}],"replies":[{"embeddable":true,"href":"http:\/\/lasteaed.vaatsa.ee\/index.php\/wp-json\/wp\/v2\/comments?post=2491"}],"version-history":[{"count":1,"href":"http:\/\/lasteaed.vaatsa.ee\/index.php\/wp-json\/wp\/v2\/pages\/2491\/revisions"}],"predecessor-version":[{"id":2493,"href":"http:\/\/lasteaed.vaatsa.ee\/index.php\/wp-json\/wp\/v2\/pages\/2491\/revisions\/2493"}],"wp:attachment":[{"href":"http:\/\/lasteaed.vaatsa.ee\/index.php\/wp-json\/wp\/v2\/media?parent=2491"}],"curies":[{"name":"wp","href":"https:\/\/api.w.org\/{rel}","templated":true}]}}