{"id":4092,"date":"2024-05-06T09:49:52","date_gmt":"2024-05-06T09:49:52","guid":{"rendered":"http:\/\/lasteaed.vaatsa.ee\/?page_id=4092"},"modified":"2025-05-19T04:25:42","modified_gmt":"2025-05-19T04:25:42","slug":"tanamised","status":"publish","type":"page","link":"http:\/\/lasteaed.vaatsa.ee\/index.php\/tanamised\/","title":{"rendered":"T\u00e4namised!"},"content":{"rendered":"\n<p>SUUR T\u00c4NU!<\/p>\n\n\n\n<p><\/p>\n\n\n\n<p><strong>V\u00e4\u00e4tsa Lasteaed Paik\u00e4pp t\u00e4nab 2024-2025 \u00f5ppeaastal:<\/strong><\/p>\n\n\n\n<p>T\u00e4name Pildikompaniid, kes aitas V\u00e4\u00e4tsa J\u00f5uluakende kujunduse teostamisega.<\/p>\n\n\n\n<p>Combimill Reopalu O\u00dc, kes toetas lasteaeda kooremult\u0161iga.<\/p>\n\n\n\n<p>Akzo Nobel Baltics AS, kes annetas lasteaiale siseviimistlusv\u00e4rve.<\/p>\n\n\n\n<p>Tiit Tigavast ja Tohvre talu, kes toetas lasteaeda orgaanilise v\u00e4etise ja puitmaterjaliga.<\/p>\n\n\n\n<p>Hoolekogu liikmeid: , Grete Karu, Ethel Kuusk\u00fcll, Merle H\u00e4lvin, Liisi Paas, Ele Enn,  kes on \u00f5ppeaasta jooksul teinud mitmeid ettepanekuid ning aktiivselt kaasa tegutsenud lasteaiaelu korraldamises.<\/p>\n\n\n\n<p>T\u00fcri Haldust, ilma kelleta oleks meie lasteaia hooldus- ja remontt\u00f6\u00f6d tegemata.<\/p>\n\n\n\n<p>Elise Aed O\u00dc, kes toetas meid vaarika- ja sinikuslapuu taimedega.<\/p>\n\n\n\n<p>Suvelilled V\u00e4\u00e4tsalt, kes toetas meid suvelillede taimedega. <\/p>\n\n\n\n<p><\/p>\n","protected":false},"excerpt":{"rendered":"<p>SUUR T\u00c4NU! V\u00e4\u00e4tsa Lasteaed Paik\u00e4pp t\u00e4nab 2024-2025 \u00f5ppeaastal: T\u00e4name Pildikompaniid, kes aitas V\u00e4\u00e4tsa J\u00f5uluakende kujunduse teostamisega. Combimill Reopalu O\u00dc, kes [&hellip;]<\/p>\n","protected":false},"author":1,"featured_media":0,"parent":0,"menu_order":0,"comment_status":"closed","ping_status":"closed","template":"","meta":{"site-sidebar-layout":"default","site-content-layout":"","ast-site-content-layout":"default","site-content-style":"default","site-sidebar-style":"default","ast-global-header-display":"","ast-banner-title-visibility":"","ast-main-header-display":"","ast-hfb-above-header-display":"","ast-hfb-below-header-display":"","ast-hfb-mobile-header-display":"","site-post-title":"","ast-breadcrumbs-content":"","ast-featured-img":"","footer-sml-layout":"","ast-disable-related-posts":"","theme-transparent-header-meta":"","adv-header-id-meta":"","stick-header-meta":"","header-above-stick-meta":"","header-main-stick-meta":"","header-below-stick-meta":"","astra-migrate-meta-layouts":"default","ast-page-background-enabled":"default","ast-page-background-meta":{"desktop":{"background-color":"var(--ast-global-color-5)","background-image":"","background-repeat":"repeat","background-position":"center center","background-size":"auto","background-attachment":"scroll","background-type":"","background-media":"","overlay-type":"","overlay-color":"","overlay-opacity":"","overlay-gradient":""},"tablet":{"background-color":"","background-image":"","background-repeat":"repeat","background-position":"center center","background-size":"auto","background-attachment":"scroll","background-type":"","background-media":"","overlay-type":"","overlay-color":"","overlay-opacity":"","overlay-gradient":""},"mobile":{"background-color":"","background-image":"","background-repeat":"repeat","background-position":"center center","background-size":"auto","background-attachment":"scroll","background-type":"","background-media":"","overlay-type":"","overlay-color":"","overlay-opacity":"","overlay-gradient":""}},"ast-content-background-meta":{"desktop":{"background-color":"var(--ast-global-color-4)","background-image":"","background-repeat":"repeat","background-position":"center center","background-size":"auto","background-attachment":"scroll","background-type":"","background-media":"","overlay-type":"","overlay-color":"","overlay-opacity":"","overlay-gradient":""},"tablet":{"background-color":"var(--ast-global-color-4)","background-image":"","background-repeat":"repeat","background-position":"center center","background-size":"auto","background-attachment":"scroll","background-type":"","background-media":"","overlay-type":"","overlay-color":"","overlay-opacity":"","overlay-gradient":""},"mobile":{"background-color":"var(--ast-global-color-4)","background-image":"","background-repeat":"repeat","background-position":"center center","background-size":"auto","background-attachment":"scroll","background-type":"","background-media":"","overlay-type":"","overlay-color":"","overlay-opacity":"","overlay-gradient":""}},"footnotes":""},"class_list":["post-4092","page","type-page","status-publish","hentry"],"_links":{"self":[{"href":"http:\/\/lasteaed.vaatsa.ee\/index.php\/wp-json\/wp\/v2\/pages\/4092","targetHints":{"allow":["GET"]}}],"collection":[{"href":"http:\/\/lasteaed.vaatsa.ee\/index.php\/wp-json\/wp\/v2\/pages"}],"about":[{"href":"http:\/\/lasteaed.vaatsa.ee\/index.php\/wp-json\/wp\/v2\/types\/page"}],"author":[{"embeddable":true,"href":"http:\/\/lasteaed.vaatsa.ee\/index.php\/wp-json\/wp\/v2\/users\/1"}],"replies":[{"embeddable":true,"href":"http:\/\/lasteaed.vaatsa.ee\/index.php\/wp-json\/wp\/v2\/comments?post=4092"}],"version-history":[{"count":6,"href":"http:\/\/lasteaed.vaatsa.ee\/index.php\/wp-json\/wp\/v2\/pages\/4092\/revisions"}],"predecessor-version":[{"id":4404,"href":"http:\/\/lasteaed.vaatsa.ee\/index.php\/wp-json\/wp\/v2\/pages\/4092\/revisions\/4404"}],"wp:attachment":[{"href":"http:\/\/lasteaed.vaatsa.ee\/index.php\/wp-json\/wp\/v2\/media?parent=4092"}],"curies":[{"name":"wp","href":"https:\/\/api.w.org\/{rel}","templated":true}]}}