{"id":4315,"date":"2025-02-19T12:59:10","date_gmt":"2025-02-19T12:59:10","guid":{"rendered":"http:\/\/lasteaed.vaatsa.ee\/?page_id=4315"},"modified":"2025-02-19T13:42:40","modified_gmt":"2025-02-19T13:42:40","slug":"toitlustamine","status":"publish","type":"page","link":"http:\/\/lasteaed.vaatsa.ee\/index.php\/toitlustamine\/","title":{"rendered":"LASTE TOITLUSTAMINE"},"content":{"rendered":"\n<p>V\u00e4\u00e4tsa Lasteaed Paik\u00e4pp lapsed s\u00f6\u00f6vad r\u00fchmades oma koka valmistatud maitsvat toitu. Lasteaias on lastel v\u00f5imalik s\u00fc\u00fca kolm korda p\u00e4evas. Lapse m\u00f5ningatest toidukordadest saab loobuda, samuti toidukorda uuesti taastada lapsevanema avalduse alusel. <\/p>\n\n\n\n<p>Lapsi toitlustatakse kindlaks m\u00e4\u00e4ratud kellaaegadel ja men\u00fc\u00fc alusel kolm korda p\u00e4evas. S\u00f6\u00f6giaeg kestab v\u00e4hemalt 30 minutit ja s\u00f6\u00f6gikordade vahe ei \u00fcleta 4 tundi. Men\u00fc\u00fc koostatakse v\u00e4hemalt kahe n\u00e4dala l\u00f5ikes.\u00a0Lasteaed j\u00e4tab\u00a0 \u00f5iguse vajadusel men\u00fc\u00fcsid muuta. Men\u00fc\u00fc koostab lasteaia kokk Kaire.<\/p>\n\n\n\n<p><strong>Toiduraha<\/strong><br>Toidup\u00e4eva hinna m\u00e4\u00e4rab lasteaia hoolekogu ja kinnitab lasteaia direktor. Lasteaia hoolekogu on kehtestanud toidup\u00e4eva hinnaks alates\u00a0<strong>01.01.2024.a. 2,20\u00a0\u20ac<\/strong>. Hind kehtib k\u00f5ikides r\u00fchmades.  Toiduenergia arvestust peetakse NutriData toitumisprogrammi alusel. <a href=\"https:\/\/tap.nutridata.ee\/et\/avaleht\">https:\/\/tap.nutridata.ee\/et\/avaleht<\/a><\/p>\n\n\n\n<p><\/p>\n\n\n\n<p><strong>Taimse Teisip\u00e4eva programm:<\/strong><\/p>\n\n\n\n<p><a href=\"https:\/\/taimneteisipaev.ee\/koolid-ja-lasteaiad\">https:\/\/taimneteisipaev.ee\/koolid-ja-lasteaiad<\/a><\/p>\n\n\n\n<ul class=\"wp-block-list\">\n<li>Lasteaias juurutame tervislikke toitumisharjumusi juba varases eas.<\/li>\n\n\n\n<li>Taimse Teisip\u00e4eva programmi raames pakume lasteaia lastele kord n\u00e4dalas taimset toitu.<\/li>\n<\/ul>\n\n\n\n<figure class=\"wp-block-image size-full is-resized\"><a href=\"http:\/\/lasteaed.vaatsa.ee\/wp-content\/uploads\/2025\/02\/image-1.png\"><img fetchpriority=\"high\" decoding=\"async\" width=\"566\" height=\"800\" src=\"http:\/\/lasteaed.vaatsa.ee\/wp-content\/uploads\/2025\/02\/image-1.png\" alt=\"\" class=\"wp-image-4319\" style=\"width:376px;height:auto\" srcset=\"http:\/\/lasteaed.vaatsa.ee\/wp-content\/uploads\/2025\/02\/image-1.png 566w, http:\/\/lasteaed.vaatsa.ee\/wp-content\/uploads\/2025\/02\/image-1-212x300.png 212w\" sizes=\"(max-width: 566px) 100vw, 566px\" \/><\/a><\/figure>\n\n\n\n<p><\/p>\n\n\n\n<p>Lasteaed osaleb Euroopa Liidu poolt rahaliselt toetatavas \u00fcleeuroopalises koolikavas.\u00a0Pakume lastele \u200bEuroopa Liidu koolikava raames\u00a0koolipiima ning puu- ja k\u00f6\u00f6givilju.<\/p>\n\n\n\n<figure class=\"wp-block-image size-full\"><a href=\"http:\/\/lasteaed.vaatsa.ee\/wp-content\/uploads\/2025\/02\/image-3.png\"><img decoding=\"async\" width=\"104\" height=\"71\" src=\"http:\/\/lasteaed.vaatsa.ee\/wp-content\/uploads\/2025\/02\/image-3.png\" alt=\"\" class=\"wp-image-4326\"\/><\/a><\/figure>\n\n\n\n<p><\/p>\n","protected":false},"excerpt":{"rendered":"<p>V\u00e4\u00e4tsa Lasteaed Paik\u00e4pp lapsed s\u00f6\u00f6vad r\u00fchmades oma koka valmistatud maitsvat toitu. Lasteaias on lastel v\u00f5imalik s\u00fc\u00fca kolm korda p\u00e4evas. Lapse [&hellip;]<\/p>\n","protected":false},"author":1,"featured_media":0,"parent":0,"menu_order":0,"comment_status":"closed","ping_status":"closed","template":"","meta":{"site-sidebar-layout":"default","site-content-layout":"","ast-site-content-layout":"default","site-content-style":"default","site-sidebar-style":"default","ast-global-header-display":"","ast-banner-title-visibility":"","ast-main-header-display":"","ast-hfb-above-header-display":"","ast-hfb-below-header-display":"","ast-hfb-mobile-header-display":"","site-post-title":"","ast-breadcrumbs-content":"","ast-featured-img":"","footer-sml-layout":"","ast-disable-related-posts":"","theme-transparent-header-meta":"","adv-header-id-meta":"","stick-header-meta":"","header-above-stick-meta":"","header-main-stick-meta":"","header-below-stick-meta":"","astra-migrate-meta-layouts":"default","ast-page-background-enabled":"default","ast-page-background-meta":{"desktop":{"background-color":"var(--ast-global-color-5)","background-image":"","background-repeat":"repeat","background-position":"center center","background-size":"auto","background-attachment":"scroll","background-type":"","background-media":"","overlay-type":"","overlay-color":"","overlay-opacity":"","overlay-gradient":""},"tablet":{"background-color":"","background-image":"","background-repeat":"repeat","background-position":"center center","background-size":"auto","background-attachment":"scroll","background-type":"","background-media":"","overlay-type":"","overlay-color":"","overlay-opacity":"","overlay-gradient":""},"mobile":{"background-color":"","background-image":"","background-repeat":"repeat","background-position":"center center","background-size":"auto","background-attachment":"scroll","background-type":"","background-media":"","overlay-type":"","overlay-color":"","overlay-opacity":"","overlay-gradient":""}},"ast-content-background-meta":{"desktop":{"background-color":"var(--ast-global-color-4)","background-image":"","background-repeat":"repeat","background-position":"center center","background-size":"auto","background-attachment":"scroll","background-type":"","background-media":"","overlay-type":"","overlay-color":"","overlay-opacity":"","overlay-gradient":""},"tablet":{"background-color":"var(--ast-global-color-4)","background-image":"","background-repeat":"repeat","background-position":"center center","background-size":"auto","background-attachment":"scroll","background-type":"","background-media":"","overlay-type":"","overlay-color":"","overlay-opacity":"","overlay-gradient":""},"mobile":{"background-color":"var(--ast-global-color-4)","background-image":"","background-repeat":"repeat","background-position":"center center","background-size":"auto","background-attachment":"scroll","background-type":"","background-media":"","overlay-type":"","overlay-color":"","overlay-opacity":"","overlay-gradient":""}},"footnotes":""},"class_list":["post-4315","page","type-page","status-publish","hentry"],"_links":{"self":[{"href":"http:\/\/lasteaed.vaatsa.ee\/index.php\/wp-json\/wp\/v2\/pages\/4315","targetHints":{"allow":["GET"]}}],"collection":[{"href":"http:\/\/lasteaed.vaatsa.ee\/index.php\/wp-json\/wp\/v2\/pages"}],"about":[{"href":"http:\/\/lasteaed.vaatsa.ee\/index.php\/wp-json\/wp\/v2\/types\/page"}],"author":[{"embeddable":true,"href":"http:\/\/lasteaed.vaatsa.ee\/index.php\/wp-json\/wp\/v2\/users\/1"}],"replies":[{"embeddable":true,"href":"http:\/\/lasteaed.vaatsa.ee\/index.php\/wp-json\/wp\/v2\/comments?post=4315"}],"version-history":[{"count":6,"href":"http:\/\/lasteaed.vaatsa.ee\/index.php\/wp-json\/wp\/v2\/pages\/4315\/revisions"}],"predecessor-version":[{"id":4329,"href":"http:\/\/lasteaed.vaatsa.ee\/index.php\/wp-json\/wp\/v2\/pages\/4315\/revisions\/4329"}],"wp:attachment":[{"href":"http:\/\/lasteaed.vaatsa.ee\/index.php\/wp-json\/wp\/v2\/media?parent=4315"}],"curies":[{"name":"wp","href":"https:\/\/api.w.org\/{rel}","templated":true}]}}