{"id":4393,"date":"2025-05-16T05:08:23","date_gmt":"2025-05-16T05:08:23","guid":{"rendered":"http:\/\/lasteaed.vaatsa.ee\/?page_id=4393"},"modified":"2025-05-16T05:20:24","modified_gmt":"2025-05-16T05:20:24","slug":"projektid-3","status":"publish","type":"page","link":"http:\/\/lasteaed.vaatsa.ee\/index.php\/projektid-3\/","title":{"rendered":"PROJEKTID"},"content":{"rendered":"\n<p>V\u00e4\u00e4tsa Lasteaed Paik\u00e4pa mudilased osalesid projektis \u201ePaik\u00e4pp kasvatab toitu<br>j\u00e4tkusuutlikult kasutades ringmajanduse v\u00f5tteid\u201d<br>2024 aasta juunikuus kirjutas \u00f5petaja Kersti Morel KIK-le projekti, et osaleda<br>\u201cLasteaialaste rohetehnoloogia teadlikkuse suurendamise taotlusvoorus\u201d. Projekt h\u00f5lmab<br>endas nii keskkonnateadlikkuse suurendamist, toimetulekut kliimamuutustega , kui ka<br>j\u00e4tkusuutlikku toidu kasvatamist kasutades ringmajanduse v\u00f5tteid.<br>Projekt \u201cPaik\u00e4pp kasvatab toitu j\u00e4tkusuutlikult kasutades ringmajanduse v\u00f5tteid\u201d sai<br>alguse septembris 2024, kui lasteaialapsed ja nende vanemad osalesid \u00fchiselt<br>maailmakoristusp\u00e4eval. Kodualevikust sai kokku kogutud 23,5 kg erinevat liiki pr\u00fcgi. Aasta<br>aastalt on kogutava pr\u00fcgi kogused v\u00e4henenud ja laste teadlikkus keskkonnahoiust<br>kasvanud.<br>Lasteaed soetas septembrikuus k\u00f6\u00f6ki toidukuivati, aeda kiirkomposteri ja<br>r\u00fchmadesse pr\u00fcgi sorteerimisjaamad. Esimene tutvumine pr\u00fcgisorteerimisjaamadega<br>saigi tehtud maailmakoristusp\u00e4eval. Lapsed said neid kohe kasutama hakata ja lasteaia<br>maskott Paik\u00e4pp n\u00e4itas lastele, kuidas neid kasutada ja pr\u00fcgi liigiti koguda.<br>Toidukuivati l\u00e4ks ka kohe k\u00e4iku. V\u00e4\u00e4tsa Lasteaial on suur \u00f5unaaed. Koguni nii suur,<br>et k\u00f5iki \u00f5unu, kui on parajasti hea \u00f5una-aasta, me \u00e4ra s\u00fc\u00fca ei j\u00f5ua. Toidukuivatiga<br>kuivatasime \u00f5unu. Protsessist said osa v\u00f5tta k\u00f5ikide r\u00fchmade lapsed, kes aitasid \u00f5unu<br>t\u00fckeldada. Kuivatatud \u00f5unad j\u00f5udsid laste toidulauale.<br>Kiirkomposteri v\u00f5tsime kasutusele 2025 a kevadel. T\u00e4idame kompostrit<br>k\u00f6\u00f6gij\u00e4\u00e4tmetega, mis tekivad toidu valmistamise k\u00e4igus: kartuli-, peedi- ja porgandikoored<br>jne. Samuti lisame kompostikasti aiaj\u00e4\u00e4tmeid: kokku riisutud lehed jm. Ootame ja j\u00e4lgime<br>pikisilmi esimese kompostilaari valmimist.<br>Novembrikuus m\u00e4rgati V\u00e4\u00e4tsa Lasteaia hoovi peal askeldamas tunkedes t\u00f6\u00f6mehi,<br>kes tulid sinna paigaldama kasvuhoonet. Praeguseks on kasvuhoone juba kasutusele<br>v\u00f5etud. Laste talgup\u00e4eval aitasid v\u00e4ikesed mudilased kasvuhoonet mullaga t\u00e4ita ja<br>k\u00fclvasid ka esimesed seemned. Praegu on kasvuhoones juba kasvamas ka tomati- ja kurgitaimed.<br>Kasvuhoone on automaatse tuulutuse ja automaatse kastmiss\u00fcsteemiga.<br>Kevadel soetas lasteaed kasvuhoone kastmiss\u00fcsteemi jaoks ka sobiva vihmavee<br>kogumispaagi. T\u00e4name siinkohal T\u00fcri Halduse tublisid t\u00f6\u00f6mehi, kes on meile suureks abiks<br>olnud. Loodame, et saak tuleb rikkalik. K\u00f5ik ju teavad, et oma kasvuhoone tomat maitseb<br>paremini kui poe oma.<\/p>\n\n\n\n<p>Viimase projekti tegevusena said vanemate r\u00fchmade lasteaialapsed<br>teadmisi pr\u00fcgi sorteerimise vajalikkuse kohta. 25. aprillil koolitasid lapsi Kohila<br>Keskkonnahariduse Keskuse t\u00f6\u00f6tajad, kes viisid l\u00e4bi programmi \u201cMida me teeme<br>j\u00e4\u00e4tmetega?\u201d Koolitus oli p\u00f5nev, praktiline ja hariv nii lastele kui ka t\u00e4iskasvanutele.<br>Kogu projekti rahastati 7 189 euro ulatuses. Projekti toetas Eesti riik.<\/p>\n\n\n\n<p>Kersti Morel<br>V\u00e4\u00e4tsa Lasteaed<br>\u00f5petaja<\/p>\n\n\n\n<figure class=\"wp-block-image size-full\"><a href=\"http:\/\/lasteaed.vaatsa.ee\/wp-content\/uploads\/2025\/05\/image-1.png\"><img decoding=\"async\" width=\"157\" height=\"213\" src=\"http:\/\/lasteaed.vaatsa.ee\/wp-content\/uploads\/2025\/05\/image-1.png\" alt=\"\" class=\"wp-image-4400\"\/><\/a><\/figure>\n\n\n\n<figure class=\"wp-block-image size-full\"><a href=\"http:\/\/lasteaed.vaatsa.ee\/wp-content\/uploads\/2025\/05\/image.png\"><img fetchpriority=\"high\" decoding=\"async\" width=\"304\" height=\"166\" src=\"http:\/\/lasteaed.vaatsa.ee\/wp-content\/uploads\/2025\/05\/image.png\" alt=\"\" class=\"wp-image-4399\" srcset=\"http:\/\/lasteaed.vaatsa.ee\/wp-content\/uploads\/2025\/05\/image.png 304w, http:\/\/lasteaed.vaatsa.ee\/wp-content\/uploads\/2025\/05\/image-300x164.png 300w\" sizes=\"(max-width: 304px) 100vw, 304px\" \/><\/a><\/figure>\n\n\n\n<figure class=\"wp-block-image size-large\"><a href=\"http:\/\/lasteaed.vaatsa.ee\/wp-content\/uploads\/2025\/05\/IMG_0138-scaled.jpg\"><img decoding=\"async\" width=\"768\" height=\"1024\" src=\"http:\/\/lasteaed.vaatsa.ee\/wp-content\/uploads\/2025\/05\/IMG_0138-768x1024.jpg\" alt=\"\" class=\"wp-image-4398\" srcset=\"http:\/\/lasteaed.vaatsa.ee\/wp-content\/uploads\/2025\/05\/IMG_0138-768x1024.jpg 768w, http:\/\/lasteaed.vaatsa.ee\/wp-content\/uploads\/2025\/05\/IMG_0138-225x300.jpg 225w, http:\/\/lasteaed.vaatsa.ee\/wp-content\/uploads\/2025\/05\/IMG_0138-1152x1536.jpg 1152w, http:\/\/lasteaed.vaatsa.ee\/wp-content\/uploads\/2025\/05\/IMG_0138-1536x2048.jpg 1536w, http:\/\/lasteaed.vaatsa.ee\/wp-content\/uploads\/2025\/05\/IMG_0138-scaled.jpg 1920w\" sizes=\"(max-width: 768px) 100vw, 768px\" \/><\/a><\/figure>\n\n\n\n<figure class=\"wp-block-image size-large\"><a href=\"http:\/\/lasteaed.vaatsa.ee\/wp-content\/uploads\/2025\/05\/IMG_9818-1-scaled.jpg\"><img loading=\"lazy\" decoding=\"async\" width=\"768\" height=\"1024\" src=\"http:\/\/lasteaed.vaatsa.ee\/wp-content\/uploads\/2025\/05\/IMG_9818-1-768x1024.jpg\" alt=\"\" class=\"wp-image-4397\" srcset=\"http:\/\/lasteaed.vaatsa.ee\/wp-content\/uploads\/2025\/05\/IMG_9818-1-768x1024.jpg 768w, http:\/\/lasteaed.vaatsa.ee\/wp-content\/uploads\/2025\/05\/IMG_9818-1-225x300.jpg 225w, http:\/\/lasteaed.vaatsa.ee\/wp-content\/uploads\/2025\/05\/IMG_9818-1-1152x1536.jpg 1152w, http:\/\/lasteaed.vaatsa.ee\/wp-content\/uploads\/2025\/05\/IMG_9818-1-1536x2048.jpg 1536w, http:\/\/lasteaed.vaatsa.ee\/wp-content\/uploads\/2025\/05\/IMG_9818-1-scaled.jpg 1920w\" sizes=\"(max-width: 768px) 100vw, 768px\" \/><\/a><\/figure>\n","protected":false},"excerpt":{"rendered":"<p>V\u00e4\u00e4tsa Lasteaed Paik\u00e4pa mudilased osalesid projektis \u201ePaik\u00e4pp kasvatab toituj\u00e4tkusuutlikult kasutades ringmajanduse v\u00f5tteid\u201d2024 aasta juunikuus kirjutas \u00f5petaja Kersti Morel KIK-le projekti, [&hellip;]<\/p>\n","protected":false},"author":4,"featured_media":0,"parent":0,"menu_order":0,"comment_status":"closed","ping_status":"closed","template":"","meta":{"site-sidebar-layout":"default","site-content-layout":"","ast-site-content-layout":"default","site-content-style":"default","site-sidebar-style":"default","ast-global-header-display":"","ast-banner-title-visibility":"","ast-main-header-display":"","ast-hfb-above-header-display":"","ast-hfb-below-header-display":"","ast-hfb-mobile-header-display":"","site-post-title":"","ast-breadcrumbs-content":"","ast-featured-img":"","footer-sml-layout":"","ast-disable-related-posts":"","theme-transparent-header-meta":"","adv-header-id-meta":"","stick-header-meta":"","header-above-stick-meta":"","header-main-stick-meta":"","header-below-stick-meta":"","astra-migrate-meta-layouts":"default","ast-page-background-enabled":"default","ast-page-background-meta":{"desktop":{"background-color":"var(--ast-global-color-5)","background-image":"","background-repeat":"repeat","background-position":"center center","background-size":"auto","background-attachment":"scroll","background-type":"","background-media":"","overlay-type":"","overlay-color":"","overlay-opacity":"","overlay-gradient":""},"tablet":{"background-color":"","background-image":"","background-repeat":"repeat","background-position":"center center","background-size":"auto","background-attachment":"scroll","background-type":"","background-media":"","overlay-type":"","overlay-color":"","overlay-opacity":"","overlay-gradient":""},"mobile":{"background-color":"","background-image":"","background-repeat":"repeat","background-position":"center center","background-size":"auto","background-attachment":"scroll","background-type":"","background-media":"","overlay-type":"","overlay-color":"","overlay-opacity":"","overlay-gradient":""}},"ast-content-background-meta":{"desktop":{"background-color":"var(--ast-global-color-4)","background-image":"","background-repeat":"repeat","background-position":"center center","background-size":"auto","background-attachment":"scroll","background-type":"","background-media":"","overlay-type":"","overlay-color":"","overlay-opacity":"","overlay-gradient":""},"tablet":{"background-color":"var(--ast-global-color-4)","background-image":"","background-repeat":"repeat","background-position":"center center","background-size":"auto","background-attachment":"scroll","background-type":"","background-media":"","overlay-type":"","overlay-color":"","overlay-opacity":"","overlay-gradient":""},"mobile":{"background-color":"var(--ast-global-color-4)","background-image":"","background-repeat":"repeat","background-position":"center center","background-size":"auto","background-attachment":"scroll","background-type":"","background-media":"","overlay-type":"","overlay-color":"","overlay-opacity":"","overlay-gradient":""}},"footnotes":""},"class_list":["post-4393","page","type-page","status-publish","hentry"],"_links":{"self":[{"href":"http:\/\/lasteaed.vaatsa.ee\/index.php\/wp-json\/wp\/v2\/pages\/4393","targetHints":{"allow":["GET"]}}],"collection":[{"href":"http:\/\/lasteaed.vaatsa.ee\/index.php\/wp-json\/wp\/v2\/pages"}],"about":[{"href":"http:\/\/lasteaed.vaatsa.ee\/index.php\/wp-json\/wp\/v2\/types\/page"}],"author":[{"embeddable":true,"href":"http:\/\/lasteaed.vaatsa.ee\/index.php\/wp-json\/wp\/v2\/users\/4"}],"replies":[{"embeddable":true,"href":"http:\/\/lasteaed.vaatsa.ee\/index.php\/wp-json\/wp\/v2\/comments?post=4393"}],"version-history":[{"count":2,"href":"http:\/\/lasteaed.vaatsa.ee\/index.php\/wp-json\/wp\/v2\/pages\/4393\/revisions"}],"predecessor-version":[{"id":4401,"href":"http:\/\/lasteaed.vaatsa.ee\/index.php\/wp-json\/wp\/v2\/pages\/4393\/revisions\/4401"}],"wp:attachment":[{"href":"http:\/\/lasteaed.vaatsa.ee\/index.php\/wp-json\/wp\/v2\/media?parent=4393"}],"curies":[{"name":"wp","href":"https:\/\/api.w.org\/{rel}","templated":true}]}}